{"id":347,"date":"2013-04-02T14:52:12","date_gmt":"2013-04-02T12:52:12","guid":{"rendered":"http:\/\/dev.laaketietokeskus.fi\/vnrwiki\/?page_id=347"},"modified":"2023-02-16T16:01:18","modified_gmt":"2023-02-16T13:01:18","slug":"fi-contact-information","status":"publish","type":"page","link":"https:\/\/wiki.vnr.fi\/?page_id=347","title":{"rendered":"FI: Contact information"},"content":{"rendered":"<p><strong>Pharmaca<\/strong> <strong>Health Intelligence Oy<\/strong><br \/>\n<strong>(L\u00e4\u00e4ketietokeskus Oy)<\/strong><br \/>\nKorkeavuorenkatu 35<br \/>\nFI-00130 Helsinki<br \/>\nFinland<\/p>\n<p>Tel. +358 9 6150 4950<\/p>\n<p><a href=\"https:\/\/pharmaca.fi\/en\">https:\/\/pharmaca.fi\/en<\/a><br \/>\n<a href=\"mailto:vnr@vnr.fi\">vnr@vnr.fi<\/a><\/p>\n<p><strong>Fimea<\/strong><br \/>\nThe Finnish Medicines Agency Fimea is the national competent authority for regulating pharmaceuticals<\/p>\n<p>Postal address: P.O. Box 55, FI-00034 FIMEA, FINLAND<br \/>\nDelivery address: Nauvontie 4, 00280 Helsinki, Finland<br \/>\nMicrokatu 1, 70210 Kuopio<br \/>\nItsen\u00e4isyydenaukio 2, 20800 Turku<\/p>\n<p>Switchboard: +358 29 522 3341<br \/>\nE-mail: laakerekisteri@fimea.fi<br \/>\nWeb site: http:\/\/www.fimea.fi<\/p>\n<p><strong>HILA<\/strong><br \/>\nThe Pharmaceuticals Pricing Board is subordinated to the Ministry of Social Affairs and Health, Insurance Department.<\/p>\n<p>The Pharmaceuticals Pricing Board confirms reimbursement and a reasonable wholesale price of<\/p>\n<ul>\n<li>medicinal products<\/li>\n<li>clinical nutritional preparations<\/li>\n<li>basic ointments<\/li>\n<\/ul>\n<p>that are reimbursable under the Health Insurance Act.<br \/>\nThe Pharmaceuticals Pricing Board also monitors the effects of reimbursement and wholesale price decisions on reimbursement costs.<\/p>\n<p>Mailing address: P.O. Box 33, FI-00023, Government, Finland<br \/>\nVisiting address: Snellmaninkatu 13, 5th floor, Helsinki<br \/>\nPhone: +358 295 16001 (switchboard; Government)<br \/>\nFax: +358 9 698 1191<\/p>\n<p>Email: hila@stm.fi<br \/>\nWeb site: www.hila.fi<\/p>\n<p><strong>KELA<br \/>\n<\/strong> Kela operates under the supervision of Parliament.<br \/>\nKela is responsible for providing the National Archive Health Information (KanTa) services. KanTa is a collective term used for a range of national health care information systems including ePrescription, eArchive, a national pharmaceutical database, and a portal for citizens to access their own health information online.<\/p>\n<p>Mailing address: PL 78, 00381 Helsinki<br \/>\nVisiting address: H\u00f6yl\u00e4\u00e4m\u00f6tie 1 a B, 00380 Helsinki<br \/>\nPhone: +358 20 634 11<\/p>\n<p>http:\/\/www.kela.fi\/generic-substitution-and-the-reference-price-system-timetable-for-price-notifications<br \/>\nhttp:\/\/www.kela.fi\/pharmaceuticals-database<\/p>\n<p><strong>SAL (AFP)<\/strong><br \/>\nMaintains and produces information about medicinal products and their prices for pharmacies<\/p>\n<p>Suomen Apteekkariliitto\/ Association of Finnish Pharmacies<br \/>\nElim\u00e4enkatu 5<br \/>\nFI-00510 Helsinki, Finland<\/p>\n<p>Tel. +358 10 6801400<br \/>\nFax. +358 9 647 167<\/p>\n<p>E-mail: taksa@apteekkariliitto.fi<br \/>\nWeb site: <a href=\"https:\/\/www.apteekkariliitto.fi\/en\/association.html\">http:\/\/www.apteekkariliitto.fi<\/a><\/p>\n<p><strong>YA<\/strong><br \/>\nMaintains and produces information about medicinal products and their prices for pharmacies<\/p>\n<p>Yliopiston Apteekki\/ University Pharmacy<br \/>\nValimotie 7<br \/>\nP.O. Box 17<br \/>\n00381 Helsinki<\/p>\n<p>Phone: +358 9 542 046<br \/>\nFax: +358 9 5420 4456<\/p>\n<p>E-mail: tuoterekisteri@yliopistonapteekki.fi<br \/>\nWeb site: <a href=\"http:\/\/www.yliopistonapteekki.fi\">http:\/\/www.yliopistonapteekki.fi<\/a><\/p>\n","protected":false},"excerpt":{"rendered":"<p>Pharmaca Health Intelligence Oy (L\u00e4\u00e4ketietokeskus Oy) Korkeavuorenkatu 35 FI-00130 Helsinki Finland Tel. +358 9 6150 4950 https:\/\/pharmaca.fi\/en vnr@vnr.fi Fimea The Finnish Medicines Agency Fimea is the national competent authority for regulating pharmaceuticals Postal address: P.O. Box 55, FI-00034 FIMEA, FINLAND Delivery address: Nauvontie 4, 00280 Helsinki, Finland Microkatu 1, 70210 &#8230;<\/p>\n","protected":false},"author":1,"featured_media":0,"parent":14,"menu_order":5,"comment_status":"closed","ping_status":"open","template":"","meta":{"footnotes":""},"language":[4],"class_list":["post-347","page","type-page","status-publish","hentry","language-fi","column","twocol"],"_links":{"self":[{"href":"https:\/\/wiki.vnr.fi\/index.php?rest_route=\/wp\/v2\/pages\/347","targetHints":{"allow":["GET"]}}],"collection":[{"href":"https:\/\/wiki.vnr.fi\/index.php?rest_route=\/wp\/v2\/pages"}],"about":[{"href":"https:\/\/wiki.vnr.fi\/index.php?rest_route=\/wp\/v2\/types\/page"}],"author":[{"embeddable":true,"href":"https:\/\/wiki.vnr.fi\/index.php?rest_route=\/wp\/v2\/users\/1"}],"replies":[{"embeddable":true,"href":"https:\/\/wiki.vnr.fi\/index.php?rest_route=%2Fwp%2Fv2%2Fcomments&post=347"}],"version-history":[{"count":9,"href":"https:\/\/wiki.vnr.fi\/index.php?rest_route=\/wp\/v2\/pages\/347\/revisions"}],"predecessor-version":[{"id":3267,"href":"https:\/\/wiki.vnr.fi\/index.php?rest_route=\/wp\/v2\/pages\/347\/revisions\/3267"}],"up":[{"embeddable":true,"href":"https:\/\/wiki.vnr.fi\/index.php?rest_route=\/wp\/v2\/pages\/14"}],"wp:attachment":[{"href":"https:\/\/wiki.vnr.fi\/index.php?rest_route=%2Fwp%2Fv2%2Fmedia&parent=347"}],"wp:term":[{"taxonomy":"language","embeddable":true,"href":"https:\/\/wiki.vnr.fi\/index.php?rest_route=%2Fwp%2Fv2%2Flanguage&post=347"}],"curies":[{"name":"wp","href":"https:\/\/api.w.org\/{rel}","templated":true}]}}